actor of 1254 and 6534?
66
Calculate the greatest common factor of 201884 and 33237.
1231
Calculate the highest common divisor of 19 and 1984721.
19
What is the highest common factor of 7437 and 25728?
201
Calculate the highest common factor of 27462 and 66864.
1194
What is the greatest common factor of 25175 and 688788?
1007
Calculate the greatest common factor of 69466 and 2914.
94
What is the highest common divisor of 10910 and 90?
10
Calculate the highest common factor of 1496 and 1484.
4
What is the highest common factor of 15414 and 378?
42
What is the greatest common divisor of 45 and 31491?
9
Calculate the highest common factor of 153984 and 19649.
401
Calculate the greatest common divisor of 40 and 262752.
8
Calculate the highest common divisor of 1 and 139697.
1
What is the greatest common factor of 6700 and 76?
4
What is the highest common factor of 414 and 1181073?
69
Calculate the highest common divisor of 1400250 and 225.
75
Calculate the highest common divisor of 225966 and 78.
78
Calculate the greatest common factor of 63 and 24276.
21
Calculate the highest common divisor of 30641 and 13.
13
Calculate the greatest common divisor of 386 and 8545847.
193
Calculate the greatest common divisor of 25683 and 21.
21
Calculate the greatest common divisor of 55 and 84887.
11
What is the greatest common divisor of 3772 and 1679?
23
What is the greatest common divisor of 5364 and 1068?
12
What is the highest common divisor of 1557342 and 36?
18
Calculate the highest common factor of 5721 and 9.
3
What is the greatest common factor of 6 and 653?
1
What is the greatest common divisor of 3536 and 748748?
884
What is the highest common factor of 48 and 13644?
12
What is the highest common divisor of 116 and 783?
29
What is the highest common divisor of 24438 and 6?
6
Calculate the highest common factor of 3182 and 222.
74
What is the greatest common divisor of 157927 and 539?
539
What is the highest common divisor of 4125 and 4875?
375
Calculate the greatest common factor of 9300 and 35400.
300
What is the greatest common divisor of 1356 and 104525?
113
What is the highest common factor of 66 and 321574?
22
Calculate the greatest common divisor of 18445 and 7440.
155
What is the highest common factor of 116 and 1201412?
116
What is the greatest common factor of 805314 and 3?
3
Calculate the greatest common divisor of 13671 and 2553439.
1519
Calculate the highest common factor of 1345657 and 94.
47
What is the highest common divisor of 28 and 5593?
7
What is the highest common factor of 19505 and 56635?
235
What is the highest common factor of 333 and 4365519?
111
What is the highest common factor of 25 and 121?
1
Calculate the highest common factor of 129931 and 2329.
17
What is the greatest common divisor of 81 and 492021?
27
What is the greatest common divisor of 4614 and 9238766?
1538
Calculate the highest common divisor of 21862 and 306.
34
Calculate the highest common divisor of 17101 and 2989.
49
Calculate the greatest common factor of 7505 and 358739.
1501
Calculate the greatest common factor of 96 and 68576.
32
What is the highest common divisor of 36257 and 2392?
13
Calculate the highest common divisor of 2 and 72.
2
Calculate the highest common factor of 126830 and 66.
22
Calculate the highest common factor of 1653 and 154831.
551
What is the highest common factor of 1236 and 13287?
309
What is the greatest common factor of 144 and 40473?
9
Calculate the greatest common divisor of 2148930 and 20.
10
Calculate the greatest common factor of 198 and 134794.
22
Calculate the highest common factor of 1792 and 1541632.
256
Calculate the greatest common factor of 17400 and 1140.
60
Calculate the highest common divisor of 1246158 and 6486.
282
Calculate the highest common factor of 555 and 1230324.
111
Calculate the greatest common factor of 49555 and 682.
11
Calculate the greatest common factor of 50424 and 165.
33
Calculate the greatest common factor of 28350 and 1539.
81
Calculate the highest common factor of 109857 and 132.
33
Calculate the highest common divisor of 4304498 and 22.
22
What is the greatest common factor of 111910 and 16055?
95
Calculate the highest common divisor of 548 and 271123.
137
What is the greatest common factor of 21454 and 495966?
1262
Calculate the greatest common divisor of 3424 and 101971.
107
What is the highest common divisor of 63720 and 40?
40
What is the highest common divisor of 1040 and 14440?
40
What is the greatest common divisor of 65532 and 348?
12
What is the greatest common factor of 241457 and 89?
89
What is the greatest common divisor of 35 and 225862?
7
What is the greatest common factor of 210 and 144?
6
What is the highest common divisor of 176 and 50248?
88
What is the highest common divisor of 108 and 216732?
12
Calculate the highest common divisor of 35154 and 2883.
93
What is the greatest common factor of 61931 and 34?
17
Calculate the highest common factor of 76 and 188.
4
Calculate the highest common factor of 215826 and 156.
78
Calculate the greatest common divisor of 110 and 26301.
11
What is the highest common factor of 13 and 9164506?
13
Calculate the highest common divisor of 692139 and 115.
23
What is the highest common divisor of 1538 and 79207?
769
Calculate the highest common factor of 342531 and 63.
63
What is the greatest common divisor of 264 and 10362?
66
Calculate the greatest common factor of 1082445 and 585.
195
Calculate the greatest common factor of 45018 and 244.
122
Calculate the highest common divisor of 47163 and 1185.
237
Calculate the highest common factor of 6 and 23638.
2
What is the highest common divisor of 355590 and 450?
90
Calculate the highest common factor of 17368 and 1664.
104
What is the highest common factor of 695929 and 5499?
611
Calculate the greatest common divisor of 13015 and 551.
19
What is the greatest common divisor of 49 and 23863?
49
Calculate the highest common factor of 5125 and 57625.
125
What is the highest common factor of 56368 and 624?
208
What is the greatest common factor of 126283 and 6896?
431
Calculate the greatest common divisor of 94489 and 183.
61
Calculate the greatest common divisor of 697 and 91020.
41
Calculate the highest common factor of 436 and 353596.
436
Calculate the greatest common factor of 42373 and 1.
1
What is the greatest common divisor of 59 and 1353?
1
Calculate the highest common divisor of 15848 and 64.
8
Calculate the highest common factor of 461556 and 252.
36
Calculate the highest common factor of 117 and 50557.
13
Calculate the greatest common divisor of 8511 and 15.
3
Calculate the greatest common factor of 952 and 111928.
136
Calculate the greatest common factor of 792 and 424.
8
What is the greatest common factor of 31 and 545507?
31
Calculate the greatest common factor of 64988 and 7.
7
Calculate the highest common divisor of 70 and 313810.
70
What is the highest common divisor of 214 and 2?
2
Calculate the greatest common factor of 952 and 147917.
119
What is the highest common divisor of 43382 and 17114?
398
What is the highest common factor of 272270 and 190?
190
Calculate the greatest common divisor of 10 and 89645.
5
Calculate the greatest common divisor of 20322 and 18.
18
Calculate the greatest common factor of 101175 and 4845.
285
Calculate the greatest common divisor of 20827 and 1829.
59
Calculate the highest common divisor of 12019 and 2499.
119
Calculate the greatest common divisor of 1520 and 400.
80
Calculate the highest common divisor of 951867 and 261.
261
What is the greatest common divisor of 430042 and 424?
106
What is the greatest common factor of 5565 and 19557?
159
What is the greatest common factor of 95 and 108490?
95
What is the greatest common factor of 234 and 56940?
78
What is the greatest common factor of 230 and 83030?
230
Calculate the greatest common factor of 868 and 17626.
14
Calculate the highest common factor of 452951 and 145.
29
Calculate the greatest common divisor of 48 and 18656.
16
Calculate the highest common factor of 755 and 130766.
151
What is the highest common divisor of 1242 and 736?
46
What is the highest common factor of 125905 and 1352?
169
What is the greatest common factor of 72 and 1653642?
18
Calculate the greatest common divisor of 54